{"id":67,"date":"2023-10-05T14:50:08","date_gmt":"2023-10-05T12:50:08","guid":{"rendered":"https:\/\/hapro.gmbh\/HAPro\/?page_id=67"},"modified":"2023-11-05T18:24:13","modified_gmt":"2023-11-05T17:24:13","slug":"leistungsphase-1","status":"publish","type":"page","link":"https:\/\/hapro.gmbh\/HAPro\/index.php\/leistungsphase-1\/","title":{"rendered":"Planungsphase 1"},"content":{"rendered":"\n<div class=\"wp-block-columns is-layout-flex wp-container-core-columns-is-layout-9d6595d7 wp-block-columns-is-layout-flex\">\n<div class=\"wp-block-column is-layout-flow wp-block-column-is-layout-flow\" style=\"flex-basis:50%\">\n<h2 class=\"wp-block-heading\">Konzept- und Grundlagenplanung<\/h2>\n\n\n\n<p>In dieser ersten Planungsphase wird der \u201crote Faden\u201d f\u00fcr Ihr Bauvorhaben erstellt. Nach einer gemeinsamen Bedarfsermittlung erarbeiten wir eine grobe Konzept- oder Vorplanung. Die Vorplanung enth\u00e4lt h\u00e4ufig verschiedene L\u00f6sungsans\u00e4tze und Gegen\u00fcberstellungen in Form von 2D- und 3D-Skizzen, Flie\u00dfbildern und Animationen.<\/p>\n\n\n\n<p>Ziel dieser ersten und elementaren Planungsstufe ist es, die Aufgabenstellung unter Ber\u00fccksichtigung Ihrer speziellen Anforderungen in ein umsetzbares und bedarfsorientiertes L\u00f6sungskonzept zu \u00fcberf\u00fchren<\/p>\n\n\n\n<p>Beispiel: Die Edelsplittanlage eines Schotterwerkes ist sanierungsbed\u00fcrftig und zu klein. Die dezentrale Anordnung der Nachbrecher f\u00fchrt zu betrieblichen Abh\u00e4ngigkeiten der Anlagenteile untereinander. Die Jahresproduktion soll erh\u00f6ht und wirtschaftlicher gestaltet werden. Zudem ist der Standort des Vorbrechers aufgrund der Fahrwege fraglich, die Vorabsiebung funktioniert nicht zufriedenstellend und der Kipptrichter ist f\u00fcr die eingesetzten Mulden zu klein. Zudem ist die Anlagensteuerung in die Jahre gekommen und muss modernisiert werden.<\/p>\n\n\n\n<p>Dieses Beispiel steht f\u00fcr viele typische Probleme unserer Kunden. Wichtig ist zun\u00e4chst, gemeinsam die Schwachstellen einer Anlage und deren Ursachen zu analysieren. Wir f\u00fchren h\u00e4ufig Workshops mit unseren Kunden durch, in denen wir die Probleme erfassen, bewerten und Priorit\u00e4ten f\u00fcr Ma\u00dfnahmen festlegen. Bereits bei der Schwachstellenanalyse zeigen sich Zusammenh\u00e4nge und erste L\u00f6sungsans\u00e4tze. Nach der Analyse erarbeiten wir gemeinsam Priorit\u00e4ten und Ma\u00dfnahmen. So werden die Schwachstellen herausgearbeitet und greifbar.<\/p>\n\n\n\n<p>Nach Analyse und Bewertung werden m\u00f6gliche Bauma\u00dfnahmen definiert, wobei die Bauabschnitte keine l\u00e4ngeren Produktionsstillst\u00e4nde verursachen d\u00fcrfen. Dies muss bereits zu Beginn der Konzeptplanung ber\u00fccksichtigt werden.<\/p>\n\n\n\n<p>Ziel und Ergebnis: Um- oder Neubaukonzept z.B. in Form von groben \u00dcbersichtspl\u00e4nen, Flie\u00dfbildern und Vorplanung der Aggregate. Die einzelnen Bauma\u00dfnahmen bzw. Bauabschnitte sind festgelegt und vorprojektiert. Dazu erfolgt h\u00e4ufig eine Vorkalkulation der Gesamtprojektkosten f\u00fcr die einzelnen Teilbereiche und die Erstellung von Projektablaufpl\u00e4nen als Basis f\u00fcr die Entscheidung \u00fcber eine Umsetzung.<\/p>\n<\/div>\n\n\n\n<div class=\"wp-block-column is-layout-flow wp-block-column-is-layout-flow\" style=\"flex-basis:50%\">\n<figure class=\"wp-block-gallery has-nested-images columns-default is-cropped wp-block-gallery-1 is-layout-flex wp-block-gallery-is-layout-flex\"><\/figure>\n\n\n\n<figure class=\"wp-block-image size-large is-resized\"><img loading=\"lazy\" decoding=\"async\" width=\"1024\" height=\"576\" src=\"https:\/\/hapro.gmbh\/HAPro\/wp-content\/uploads\/2023\/10\/HKC-01-1024x576.jpg\" alt=\"\" class=\"wp-image-3384\" style=\"aspect-ratio:1.7777777777777777;width:971px;height:auto\" srcset=\"https:\/\/hapro.gmbh\/HAPro\/wp-content\/uploads\/2023\/10\/HKC-01-1024x576.jpg 1024w, https:\/\/hapro.gmbh\/HAPro\/wp-content\/uploads\/2023\/10\/HKC-01-300x169.jpg 300w, https:\/\/hapro.gmbh\/HAPro\/wp-content\/uploads\/2023\/10\/HKC-01-768x432.jpg 768w, https:\/\/hapro.gmbh\/HAPro\/wp-content\/uploads\/2023\/10\/HKC-01-1536x864.jpg 1536w, https:\/\/hapro.gmbh\/HAPro\/wp-content\/uploads\/2023\/10\/HKC-01-2048x1152.jpg 2048w, https:\/\/hapro.gmbh\/HAPro\/wp-content\/uploads\/2023\/10\/HKC-01-1920x1080.jpg 1920w\" sizes=\"auto, (max-width: 1024px) 100vw, 1024px\" \/><\/figure>\n\n\n\n<figure class=\"wp-block-image size-large is-resized\"><img loading=\"lazy\" decoding=\"async\" width=\"1024\" height=\"640\" src=\"https:\/\/hapro.gmbh\/HAPro\/wp-content\/uploads\/2023\/10\/KS5909213060.79-Kopie-1-1024x640.jpg\" alt=\"\" class=\"wp-image-3381\" style=\"aspect-ratio:1.6;width:817px;height:auto\" srcset=\"https:\/\/hapro.gmbh\/HAPro\/wp-content\/uploads\/2023\/10\/KS5909213060.79-Kopie-1-1024x640.jpg 1024w, https:\/\/hapro.gmbh\/HAPro\/wp-content\/uploads\/2023\/10\/KS5909213060.79-Kopie-1-300x187.jpg 300w, https:\/\/hapro.gmbh\/HAPro\/wp-content\/uploads\/2023\/10\/KS5909213060.79-Kopie-1-768x480.jpg 768w, https:\/\/hapro.gmbh\/HAPro\/wp-content\/uploads\/2023\/10\/KS5909213060.79-Kopie-1-1536x960.jpg 1536w, https:\/\/hapro.gmbh\/HAPro\/wp-content\/uploads\/2023\/10\/KS5909213060.79-Kopie-1-2048x1280.jpg 2048w, https:\/\/hapro.gmbh\/HAPro\/wp-content\/uploads\/2023\/10\/KS5909213060.79-Kopie-1-1728x1080.jpg 1728w\" sizes=\"auto, (max-width: 1024px) 100vw, 1024px\" \/><\/figure>\n\n\n\n<figure class=\"wp-block-image size-large is-resized\"><img loading=\"lazy\" decoding=\"async\" width=\"1024\" height=\"768\" src=\"https:\/\/hapro.gmbh\/HAPro\/wp-content\/uploads\/2023\/10\/Bild_13.26-Benutzerdefiniert-1024x768.jpg\" alt=\"\" class=\"wp-image-3379\" style=\"aspect-ratio:1.3333333333333333;width:955px;height:auto\" srcset=\"https:\/\/hapro.gmbh\/HAPro\/wp-content\/uploads\/2023\/10\/Bild_13.26-Benutzerdefiniert-1024x768.jpg 1024w, https:\/\/hapro.gmbh\/HAPro\/wp-content\/uploads\/2023\/10\/Bild_13.26-Benutzerdefiniert-300x225.jpg 300w, https:\/\/hapro.gmbh\/HAPro\/wp-content\/uploads\/2023\/10\/Bild_13.26-Benutzerdefiniert-768x576.jpg 768w, https:\/\/hapro.gmbh\/HAPro\/wp-content\/uploads\/2023\/10\/Bild_13.26-Benutzerdefiniert-1536x1152.jpg 1536w, https:\/\/hapro.gmbh\/HAPro\/wp-content\/uploads\/2023\/10\/Bild_13.26-Benutzerdefiniert-2048x1536.jpg 2048w, https:\/\/hapro.gmbh\/HAPro\/wp-content\/uploads\/2023\/10\/Bild_13.26-Benutzerdefiniert-1440x1080.jpg 1440w\" sizes=\"auto, (max-width: 1024px) 100vw, 1024px\" \/><\/figure>\n<\/div>\n<\/div>\n","protected":false},"excerpt":{"rendered":"<p>Konzept- und Grundlagenplanung In dieser ersten Planungsphase wird der \u201crote Faden\u201d f\u00fcr Ihr Bauvorhaben erstellt. Nach einer gemeinsamen Bedarfsermittlung erarbeiten wir eine grobe Konzept- oder Vorplanung. Die Vorplanung enth\u00e4lt h\u00e4ufig verschiedene L\u00f6sungsans\u00e4tze und Gegen\u00fcberstellungen in Form von 2D- und 3D-Skizzen, Flie\u00dfbildern und Animationen. Ziel dieser ersten und elementaren Planungsstufe ist es, die Aufgabenstellung unter Ber\u00fccksichtigung&hellip; <br \/> <a class=\"read-more\" href=\"https:\/\/hapro.gmbh\/HAPro\/index.php\/leistungsphase-1\/\">Weiterlesen<\/a><\/p>\n","protected":false},"author":1,"featured_media":2483,"parent":0,"menu_order":0,"comment_status":"closed","ping_status":"closed","template":"","meta":{"_editorskit_title_hidden":false,"_editorskit_reading_time":0,"_editorskit_is_block_options_detached":false,"_editorskit_block_options_position":"{}","footnotes":""},"class_list":["post-67","page","type-page","status-publish","has-post-thumbnail","hentry"],"_links":{"self":[{"href":"https:\/\/hapro.gmbh\/HAPro\/index.php\/wp-json\/wp\/v2\/pages\/67","targetHints":{"allow":["GET"]}}],"collection":[{"href":"https:\/\/hapro.gmbh\/HAPro\/index.php\/wp-json\/wp\/v2\/pages"}],"about":[{"href":"https:\/\/hapro.gmbh\/HAPro\/index.php\/wp-json\/wp\/v2\/types\/page"}],"author":[{"embeddable":true,"href":"https:\/\/hapro.gmbh\/HAPro\/index.php\/wp-json\/wp\/v2\/users\/1"}],"replies":[{"embeddable":true,"href":"https:\/\/hapro.gmbh\/HAPro\/index.php\/wp-json\/wp\/v2\/comments?post=67"}],"version-history":[{"count":15,"href":"https:\/\/hapro.gmbh\/HAPro\/index.php\/wp-json\/wp\/v2\/pages\/67\/revisions"}],"predecessor-version":[{"id":4170,"href":"https:\/\/hapro.gmbh\/HAPro\/index.php\/wp-json\/wp\/v2\/pages\/67\/revisions\/4170"}],"wp:featuredmedia":[{"embeddable":true,"href":"https:\/\/hapro.gmbh\/HAPro\/index.php\/wp-json\/wp\/v2\/media\/2483"}],"wp:attachment":[{"href":"https:\/\/hapro.gmbh\/HAPro\/index.php\/wp-json\/wp\/v2\/media?parent=67"}],"curies":[{"name":"wp","href":"https:\/\/api.w.org\/{rel}","templated":true}]}}