{"id":6,"date":"2023-10-05T13:57:53","date_gmt":"2023-10-05T11:57:53","guid":{"rendered":"https:\/\/hapro.gmbh\/HAPro\/?page_id=6"},"modified":"2023-11-27T16:30:01","modified_gmt":"2023-11-27T15:30:01","slug":"willkommen","status":"publish","type":"page","link":"https:\/\/hapro.gmbh\/HAPro\/","title":{"rendered":"Henkel Anlagen- und Prozesstechnik"},"content":{"rendered":"\n<div class=\"wp-block-columns is-layout-flex wp-container-core-columns-is-layout-9d6595d7 wp-block-columns-is-layout-flex\">\n<div class=\"wp-block-column is-layout-flow wp-block-column-is-layout-flow\">\n<p>Die HAPro GmbH mit Sitz im west\u00ad\u00ad\u00adf\u00e4lischen M\u00fcnster ist Ihr Partner f\u00fcr anwendungs\u00ad\u00adoptimierte L\u00f6sungen in der Steine- und Erden\u00adindustrie. Mit geb\u00fcn\u00addelter Er\u00adfahrung aus \u00fcber 50 Berufs\u00adjahren in der Aufbereitungs\u00adtechnik und Anlagen\u00adbau unter\u00adst\u00fctzen wir Sie bei Ihren Projekten, von der Konzeption bis zur Realisierung.<\/p>\n\n\n\n<figure class=\"wp-block-pullquote\"><blockquote><p><em>Kreativit\u00e4t ist unser Fundament,<br>Innovation unser Handwerk!<\/em><\/p><\/blockquote><\/figure>\n<\/div>\n\n\n\n<div class=\"wp-block-column is-layout-flow wp-block-column-is-layout-flow\">\n<figure class=\"wp-block-image size-large is-resized\"><img loading=\"lazy\" decoding=\"async\" width=\"1024\" height=\"669\" src=\"https:\/\/hapro.gmbh\/HAPro\/wp-content\/uploads\/2023\/11\/DSC_1676sw-1024x669.jpg\" alt=\"\" class=\"wp-image-4215\" style=\"aspect-ratio:1.5;object-fit:cover;width:989px;height:auto\" srcset=\"https:\/\/hapro.gmbh\/HAPro\/wp-content\/uploads\/2023\/11\/DSC_1676sw-1024x669.jpg 1024w, https:\/\/hapro.gmbh\/HAPro\/wp-content\/uploads\/2023\/11\/DSC_1676sw-300x196.jpg 300w, https:\/\/hapro.gmbh\/HAPro\/wp-content\/uploads\/2023\/11\/DSC_1676sw-768x502.jpg 768w, https:\/\/hapro.gmbh\/HAPro\/wp-content\/uploads\/2023\/11\/DSC_1676sw-1536x1004.jpg 1536w, https:\/\/hapro.gmbh\/HAPro\/wp-content\/uploads\/2023\/11\/DSC_1676sw-2048x1339.jpg 2048w, https:\/\/hapro.gmbh\/HAPro\/wp-content\/uploads\/2023\/11\/DSC_1676sw-1652x1080.jpg 1652w\" sizes=\"auto, (max-width: 1024px) 100vw, 1024px\" \/><figcaption class=\"wp-element-caption\">Das HAPro-Team freut sich auf Ihr Projekt.<\/figcaption><\/figure>\n<\/div>\n<\/div>\n\n\n\n<div style=\"height:80px\" aria-hidden=\"true\" class=\"wp-block-spacer\"><\/div>\n\n\n\n<div class=\"wp-block-cover is-light ek-linked-block\" style=\"min-height:240px;aspect-ratio:unset;\"><span aria-hidden=\"true\" class=\"wp-block-cover__background has-background-dim\"><\/span><img loading=\"lazy\" decoding=\"async\" width=\"2560\" height=\"1305\" class=\"wp-block-cover__image-background wp-image-2479\" alt=\"\" src=\"https:\/\/hapro.gmbh\/HAPro\/wp-content\/uploads\/2023\/10\/20201112_161435-scaled.jpg\" data-object-fit=\"cover\" srcset=\"https:\/\/hapro.gmbh\/HAPro\/wp-content\/uploads\/2023\/10\/20201112_161435-scaled.jpg 2560w, https:\/\/hapro.gmbh\/HAPro\/wp-content\/uploads\/2023\/10\/20201112_161435-300x153.jpg 300w, https:\/\/hapro.gmbh\/HAPro\/wp-content\/uploads\/2023\/10\/20201112_161435-1024x522.jpg 1024w, https:\/\/hapro.gmbh\/HAPro\/wp-content\/uploads\/2023\/10\/20201112_161435-768x392.jpg 768w, https:\/\/hapro.gmbh\/HAPro\/wp-content\/uploads\/2023\/10\/20201112_161435-1536x783.jpg 1536w, https:\/\/hapro.gmbh\/HAPro\/wp-content\/uploads\/2023\/10\/20201112_161435-2048x1044.jpg 2048w, https:\/\/hapro.gmbh\/HAPro\/wp-content\/uploads\/2023\/10\/20201112_161435-1920x979.jpg 1920w\" sizes=\"auto, (max-width: 2560px) 100vw, 2560px\" \/><div class=\"wp-block-cover__inner-container is-layout-constrained wp-block-cover-is-layout-constrained\">\n<h2 class=\"wp-block-heading\">Anlagenplanung<\/h2>\n\n\n\n<p><strong>Vier Leistungsphasen<\/strong> b\u00fcndeln Ihr Projekt.<br><a href=\"https:\/\/hapro.gmbh\/HAPro\/index.php\/anlagenplanung\/\" type=\"page\" id=\"71\" class=\"ek-link\"><img decoding=\"async\" class=\"infobutton wp-image-2072\" style=\"width: 30px;\" src=\"https:\/\/hapro.gmbh\/HAPro\/wp-content\/uploads\/2023\/10\/info.png\" alt=\"\"> mehr Infos<\/a><\/p>\n<\/div><a href=\"https:\/\/hapro.gmbh\/HAPro\/index.php\/anlagenplanung\/\" class=\"editorskit-block-link\" rel=\"\"><\/a><\/div>\n\n\n\n<div style=\"height:80px\" aria-hidden=\"true\" class=\"wp-block-spacer\"><\/div>\n\n\n\n<div class=\"wp-block-cover is-light ek-linked-block\" style=\"min-height:241px;aspect-ratio:unset;\"><span aria-hidden=\"true\" class=\"wp-block-cover__background has-background-dim\"><\/span><img loading=\"lazy\" decoding=\"async\" width=\"2560\" height=\"1245\" class=\"wp-block-cover__image-background wp-image-2406\" alt=\"\" src=\"https:\/\/hapro.gmbh\/HAPro\/wp-content\/uploads\/2023\/10\/20200526_151019-scaled.jpg\" data-object-fit=\"cover\" srcset=\"https:\/\/hapro.gmbh\/HAPro\/wp-content\/uploads\/2023\/10\/20200526_151019-scaled.jpg 2560w, https:\/\/hapro.gmbh\/HAPro\/wp-content\/uploads\/2023\/10\/20200526_151019-300x146.jpg 300w, https:\/\/hapro.gmbh\/HAPro\/wp-content\/uploads\/2023\/10\/20200526_151019-1024x498.jpg 1024w, https:\/\/hapro.gmbh\/HAPro\/wp-content\/uploads\/2023\/10\/20200526_151019-768x373.jpg 768w, https:\/\/hapro.gmbh\/HAPro\/wp-content\/uploads\/2023\/10\/20200526_151019-1536x747.jpg 1536w, https:\/\/hapro.gmbh\/HAPro\/wp-content\/uploads\/2023\/10\/20200526_151019-2048x996.jpg 2048w, https:\/\/hapro.gmbh\/HAPro\/wp-content\/uploads\/2023\/10\/20200526_151019-1920x933.jpg 1920w\" sizes=\"auto, (max-width: 2560px) 100vw, 2560px\" \/><div class=\"wp-block-cover__inner-container is-layout-constrained wp-block-cover-is-layout-constrained\">\n<h2 class=\"wp-block-heading\">Prozesstechnik<\/h2>\n\n\n\n<p><strong>Unsere praktische Erfahrung <\/strong>f\u00fcr Ihre Anlage.<br><a href=\"https:\/\/hapro.gmbh\/HAPro\/index.php\/prozesstechnik\/\" type=\"page\" id=\"71\" class=\"ek-link\"><img decoding=\"async\" class=\"infobutton wp-image-2072\" style=\"width: 30px;\" src=\"https:\/\/hapro.gmbh\/HAPro\/wp-content\/uploads\/2023\/10\/info.png\" alt=\"\"> mehr Info<\/a><a href=\"https:\/\/hapro.gmbh\/HAPro\/index.php\/leistungsphase-3\/\" data-type=\"page\" data-id=\"71\">s<\/a><\/p>\n<\/div><a href=\"https:\/\/hapro.gmbh\/HAPro\/index.php\/prozesstechnik\/\" class=\"editorskit-block-link\" rel=\"\"><\/a><\/div>\n\n\n\n<div style=\"height:80px\" aria-hidden=\"true\" class=\"wp-block-spacer\"><\/div>\n\n\n\n<div class=\"wp-block-cover is-light ek-linked-block\" style=\"min-height:240px;aspect-ratio:unset;\"><span aria-hidden=\"true\" class=\"wp-block-cover__background has-background-dim\"><\/span><img loading=\"lazy\" decoding=\"async\" width=\"2560\" height=\"1188\" class=\"wp-block-cover__image-background wp-image-2481\" alt=\"\" src=\"https:\/\/hapro.gmbh\/HAPro\/wp-content\/uploads\/2023\/10\/20200207_123220-scaled.jpg\" data-object-fit=\"cover\" srcset=\"https:\/\/hapro.gmbh\/HAPro\/wp-content\/uploads\/2023\/10\/20200207_123220-scaled.jpg 2560w, https:\/\/hapro.gmbh\/HAPro\/wp-content\/uploads\/2023\/10\/20200207_123220-300x139.jpg 300w, https:\/\/hapro.gmbh\/HAPro\/wp-content\/uploads\/2023\/10\/20200207_123220-1024x475.jpg 1024w, https:\/\/hapro.gmbh\/HAPro\/wp-content\/uploads\/2023\/10\/20200207_123220-768x356.jpg 768w, https:\/\/hapro.gmbh\/HAPro\/wp-content\/uploads\/2023\/10\/20200207_123220-1536x713.jpg 1536w, https:\/\/hapro.gmbh\/HAPro\/wp-content\/uploads\/2023\/10\/20200207_123220-2048x950.jpg 2048w, https:\/\/hapro.gmbh\/HAPro\/wp-content\/uploads\/2023\/10\/20200207_123220-1920x891.jpg 1920w\" sizes=\"auto, (max-width: 2560px) 100vw, 2560px\" \/><div class=\"wp-block-cover__inner-container is-layout-constrained wp-block-cover-is-layout-constrained\">\n<h2 class=\"wp-block-heading\">Technische Beratung<\/h2>\n\n\n\n<p>Sie planen einen Anlagen(um)bau. <strong>Wir unterst\u00fctzen Sie.<\/strong><br><a href=\"https:\/\/hapro.gmbh\/HAPro\/index.php\/technische-beratung\/\" type=\"page\" id=\"71\" class=\"ek-link\"><img decoding=\"async\" class=\"infobutton wp-image-2072\" style=\"width: 30px;\" src=\"https:\/\/hapro.gmbh\/HAPro\/wp-content\/uploads\/2023\/10\/info.png\" alt=\"\"> mehr Infos<\/a><\/p>\n<\/div><a href=\"https:\/\/hapro.gmbh\/HAPro\/index.php\/technische-beratung\/\" class=\"editorskit-block-link\" rel=\"\"><\/a><\/div>\n\n\n\n<div style=\"height:80px\" aria-hidden=\"true\" class=\"wp-block-spacer\"><\/div>\n\n\n\n<div class=\"wp-block-cover is-light ek-linked-block\" style=\"min-height:240px;aspect-ratio:unset;\"><span aria-hidden=\"true\" class=\"wp-block-cover__background has-background-dim\"><\/span><img loading=\"lazy\" decoding=\"async\" width=\"2560\" height=\"1252\" class=\"wp-block-cover__image-background wp-image-2482\" alt=\"\" src=\"https:\/\/hapro.gmbh\/HAPro\/wp-content\/uploads\/2023\/10\/20200612_171846-scaled.jpg\" data-object-fit=\"cover\" srcset=\"https:\/\/hapro.gmbh\/HAPro\/wp-content\/uploads\/2023\/10\/20200612_171846-scaled.jpg 2560w, https:\/\/hapro.gmbh\/HAPro\/wp-content\/uploads\/2023\/10\/20200612_171846-300x147.jpg 300w, https:\/\/hapro.gmbh\/HAPro\/wp-content\/uploads\/2023\/10\/20200612_171846-1024x501.jpg 1024w, https:\/\/hapro.gmbh\/HAPro\/wp-content\/uploads\/2023\/10\/20200612_171846-768x376.jpg 768w, https:\/\/hapro.gmbh\/HAPro\/wp-content\/uploads\/2023\/10\/20200612_171846-1536x751.jpg 1536w, https:\/\/hapro.gmbh\/HAPro\/wp-content\/uploads\/2023\/10\/20200612_171846-2048x1001.jpg 2048w, https:\/\/hapro.gmbh\/HAPro\/wp-content\/uploads\/2023\/10\/20200612_171846-1920x939.jpg 1920w\" sizes=\"auto, (max-width: 2560px) 100vw, 2560px\" \/><div class=\"wp-block-cover__inner-container is-layout-constrained wp-block-cover-is-layout-constrained\">\n<h2 class=\"wp-block-heading\">Angebotsbeschaffung<\/h2>\n\n\n\n<p class=\"has-text-align-left\"><strong>Neutrale Bewertung<\/strong>, objektive Betrachtung.<br><a href=\"https:\/\/hapro.gmbh\/HAPro\/index.php\/angebotsbeschaffung\/\" type=\"page\" id=\"74\" class=\"ek-link\"><img decoding=\"async\" class=\"infobutton wp-image-2072\" style=\"width: 30px;\" src=\"https:\/\/hapro.gmbh\/HAPro\/wp-content\/uploads\/2023\/10\/info.png\" alt=\"\"> mehr Infos<\/a><\/p>\n<\/div><a href=\"https:\/\/hapro.gmbh\/HAPro\/index.php\/angebotsbeschaffung\/\" class=\"editorskit-block-link\" rel=\"\"><\/a><\/div>\n\n\n\n<div style=\"height:80px\" aria-hidden=\"true\" class=\"wp-block-spacer\"><\/div>\n\n\n\n<div class=\"wp-block-cover is-light ek-linked-block\" style=\"min-height:240px;aspect-ratio:unset;\"><span aria-hidden=\"true\" class=\"wp-block-cover__background has-background-dim\"><\/span><img loading=\"lazy\" decoding=\"async\" width=\"2400\" height=\"1223\" class=\"wp-block-cover__image-background wp-image-3037\" alt=\"\" src=\"https:\/\/hapro.gmbh\/HAPro\/wp-content\/uploads\/2023\/10\/20221110_101416.jpg\" data-object-fit=\"cover\" srcset=\"https:\/\/hapro.gmbh\/HAPro\/wp-content\/uploads\/2023\/10\/20221110_101416.jpg 2400w, https:\/\/hapro.gmbh\/HAPro\/wp-content\/uploads\/2023\/10\/20221110_101416-300x153.jpg 300w, https:\/\/hapro.gmbh\/HAPro\/wp-content\/uploads\/2023\/10\/20221110_101416-1024x522.jpg 1024w, https:\/\/hapro.gmbh\/HAPro\/wp-content\/uploads\/2023\/10\/20221110_101416-768x391.jpg 768w, https:\/\/hapro.gmbh\/HAPro\/wp-content\/uploads\/2023\/10\/20221110_101416-1536x783.jpg 1536w, https:\/\/hapro.gmbh\/HAPro\/wp-content\/uploads\/2023\/10\/20221110_101416-2048x1044.jpg 2048w, https:\/\/hapro.gmbh\/HAPro\/wp-content\/uploads\/2023\/10\/20221110_101416-1920x978.jpg 1920w\" sizes=\"auto, (max-width: 2400px) 100vw, 2400px\" \/><div class=\"wp-block-cover__inner-container is-layout-constrained wp-block-cover-is-layout-constrained\">\n<h2 class=\"wp-block-heading\">Projektkoordination<\/h2>\n\n\n\n<p class=\"has-text-align-left\"><strong>Von der ersten Idee<\/strong> bis zur Abnahme.<br><a href=\"https:\/\/hapro.gmbh\/HAPro\/index.php\/projektkoordination\/\" type=\"page\" id=\"74\" class=\"ek-link\"><img decoding=\"async\" class=\"infobutton wp-image-2072\" style=\"width: 30px;\" src=\"https:\/\/hapro.gmbh\/HAPro\/wp-content\/uploads\/2023\/10\/info.png\" alt=\"\"> mehr Infos<\/a><\/p>\n<\/div><a href=\"https:\/\/hapro.gmbh\/HAPro\/index.php\/projektkoordination\/\" class=\"editorskit-block-link\" rel=\"\"><\/a><\/div>\n","protected":false},"excerpt":{"rendered":"<p>Die HAPro GmbH mit Sitz im west\u00ad\u00ad\u00adf\u00e4lischen M\u00fcnster ist Ihr Partner f\u00fcr anwendungs\u00ad\u00adoptimierte L\u00f6sungen in der Steine- und Erden\u00adindustrie. Mit geb\u00fcn\u00addelter Er\u00adfahrung aus \u00fcber 50 Berufs\u00adjahren in der Aufbereitungs\u00adtechnik und Anlagen\u00adbau unter\u00adst\u00fctzen wir Sie bei Ihren Projekten, von der Konzeption bis zur Realisierung. Kreativit\u00e4t ist unser Fundament,Innovation unser Handwerk!<\/p>\n","protected":false},"author":1,"featured_media":0,"parent":0,"menu_order":0,"comment_status":"closed","ping_status":"closed","template":"","meta":{"_editorskit_title_hidden":false,"_editorskit_reading_time":0,"_editorskit_is_block_options_detached":false,"_editorskit_block_options_position":"{}","footnotes":""},"class_list":["post-6","page","type-page","status-publish","hentry"],"_links":{"self":[{"href":"https:\/\/hapro.gmbh\/HAPro\/index.php\/wp-json\/wp\/v2\/pages\/6","targetHints":{"allow":["GET"]}}],"collection":[{"href":"https:\/\/hapro.gmbh\/HAPro\/index.php\/wp-json\/wp\/v2\/pages"}],"about":[{"href":"https:\/\/hapro.gmbh\/HAPro\/index.php\/wp-json\/wp\/v2\/types\/page"}],"author":[{"embeddable":true,"href":"https:\/\/hapro.gmbh\/HAPro\/index.php\/wp-json\/wp\/v2\/users\/1"}],"replies":[{"embeddable":true,"href":"https:\/\/hapro.gmbh\/HAPro\/index.php\/wp-json\/wp\/v2\/comments?post=6"}],"version-history":[{"count":106,"href":"https:\/\/hapro.gmbh\/HAPro\/index.php\/wp-json\/wp\/v2\/pages\/6\/revisions"}],"predecessor-version":[{"id":4268,"href":"https:\/\/hapro.gmbh\/HAPro\/index.php\/wp-json\/wp\/v2\/pages\/6\/revisions\/4268"}],"wp:attachment":[{"href":"https:\/\/hapro.gmbh\/HAPro\/index.php\/wp-json\/wp\/v2\/media?parent=6"}],"curies":[{"name":"wp","href":"https:\/\/api.w.org\/{rel}","templated":true}]}}